What is the hundred millions digit of 1332523979?
3
What is the hundred thousands digit of 188754914?
7
What is the tens digit of 161230047?
4
What is the hundred millions digit of 8104807023?
1
What is the ten thousands digit of 257671985?
7
What is the ten millions digit of 836962767?
3
What is the hundred thousands digit of 9365518?
3
What is the thousands digit of 375538194?
8
What is the millions digit of 2906584822?
6
What is the hundreds digit of 179919715?
7
What is the millions digit of 173689452?
3
What is the units digit of 248264621?
1
What is the ten millions digit of 771623093?
7
What is the thousands digit of 140011736?
1
What is the thousands digit of 349400163?
0
What is the tens digit of 3236792677?
7
What is the tens digit of 95355569?
6
What is the thousands digit of 280459453?
9
What is the hundred thousands digit of 220075004?
0
What is the tens digit of 50916288?
8
What is the hundreds digit of 315205023?
0
What is the thousands digit of 130151352?
1
What is the hundreds digit of 51534661?
6
What is the units digit of 212909917?
7
What is the ten millions digit of 40320822?
4
What is the hundreds digit of 412720146?
1
What is the ten millions digit of 233155325?
3
What is the tens digit of 382651041?
4
What is the ten thousands digit of 56069507?
6
What is the units digit of 48887315?
5
What is the tens digit of 2407392202?
0
What is the hundred millions digit of 453807315?
4
What is the millions digit of 23307136?
3
What is the millions digit of 623405456?
3
What is the hundred thousands digit of 33597986?
5
What is the hundreds digit of 225346391?
3
What is the hundreds digit of 53376617?
6
What is the ten thousands digit of 89921539?
2
What is the millions digit of 3026786473?
6
What is the units digit of 7050470360?
0
What is the hundreds digit of 333827870?
8
What is the hundred thousands digit of 2008593611?
5
What is the millions digit of 189340389?
9
What is the billions digit of 1028709417?
1
What is the thousands digit of 52258671?
8
What is the hundreds digit of 258882423?
4
What is the tens digit of 402951402?
0
What is the hundreds digit of 52415953?
9
What is the hundred thousands digit of 801934248?
9
What is the hundred thousands digit of 47699183?
6
What is the hundreds digit of 6105351745?
7
What is the tens digit of 1841160867?
6
What is the billions digit of 1348022852?
1
What is the units digit of 11384061?
1
What is the thousands digit of 5563867472?
7
What is the tens digit of 369439772?
7
What is the hundred thousands digit of 71565456?
5
What is the hundreds digit of 240180194?
1
What is the ten thousands digit of 1145812225?
1
What is the hundreds digit of 2038273842?
8
What is the hundreds digit of 128484815?
8
What is the hundred millions digit of 600804425?
6
What is the hundreds digit of 172098788?
7
What is the hundred millions digit of 171395976?
1
What is the ten thousands digit of 397887924?
8
What is the units digit of 15185559?
9
What is the hundreds digit of 198333190?
1
What is the millions digit of 914903325?
4
What is the thousands digit of 8170061?
0
What is the hundred thousands digit of 1621899091?
8
What is the ten millions digit of 51884181?
5
What is the hundred thousands digit of 313800146?
8
What is the hundred thousands digit of 134321363?
3
What is the hundred thousands digit of 127974429?
9
What is the units digit of 3953081264?
4
What is the units digit of 8088944?
4
What is the tens digit of 1815704020?
2
What is the hundreds digit of 316591339?
3
What is the hundreds digit of 367822387?
3
What is the hundreds digit of 60979305?
3
What is the thousands digit of 2350844122?
4
What is the units digit of 237322229?
9
What is the millions digit of 1520241180?
0
What is the ten millions digit of 1764913818?
6
What is the units digit of 8762211685?
5
What is the millions digit of 104088366?
4
What is the ten thousands digit of 220849449?
4
What is the millions digit of 9094084790?
4
What is the billions digit of 5337109338?
5
What is the hundred thousands digit of 1956671500?
6
What is the ten thousands digit of 157764608?
6
What is the tens digit of 499657035?
3
What is the units digit of 45583810?
0
What is the hundred millions digit of 117658614?
1
What is the hundreds digit of 6611495?
4
What is the hundreds digit of 242857717?
7
What is the millions digit of 378528937?
8
What is the ten thousands digit of 318654269?
5
What is the hundreds digit of 18625511?
5
What is the tens digit of 644130918?
1
What is the hundreds digit of 73853615?
6
What is the ten millions digit of 949709298?
4
What is the ten thousands digit of 24021069?
2
What is the hundreds digit of 29486608?
6
What is the ten thousands digit of 895250971?
5
What is the ten millions digit of 635189856?
3
What is the millions digit of 432794924?
2
What is the hundred thousands digit of 226156947?
1
What is the tens digit of 27082670?
7
What is the tens digit of 1172291759?
5
What is the hundred thousands digit of 25947316?
9
What is the ten thousands digit of 54948980?
4
What is the ten thousands digit of 57285871?
8
What is the ten thousands digit of 213326243?
2
What is the hundred thousands digit of 298229808?
2
What is the tens digit of 1341421782?
8
What is the ten millions digit of 400795869?
0
What is the hundred thousands digit of 1555498410?
4
What is the ten thousands digit of 1824288791?
8
What is the hundreds digit of 3041807910?
9
What is the hundred thousands digit of 37209501?
2
What is the units digit of 14609542?
2
What is the hundred thousands digit of 39428821?
4
What is the hundred millions digit of 1637259381?
6
What is the hundreds digit of 699335375?
3
What is the hundred thousands digit of 1514440794?
4
What is the hundred millions digit of 3805743378?
8
What is the ten thousands digit of 84371449?
7
What is the units digit of 42721390?
0
What is the millions digit of 116085606?
6
What is the tens digit of 126869187?
8
What is the tens digit of 63498399?
9
What is the tens digit of 1541921957?
5
What is the tens digit of 110684283?
8
What is the tens digit of 3515783501?
0
What is the ten millions digit of 187958754?
8
What is the tens digit of 68417217?
1
What is the thousands digit of 84750256?
0
What is the tens digit of 64794859?
5
What is the tens digit of 215090356?
5
What is the units digit of 393648619?
9
What is the hundreds digit of 1160148618?
6
What is the ten thousands digit of 415855442?
5
What is the millions digit of 3084823813?
4
What is the units digit of 8666990506?
6
What is the units digit of 1260693143?
3
What is the millions digit of 405309738?
5
What is the hundreds digit of 2052519656?
6
What is the millions digit of 9841505?
9
What is the ten thousands digit of 96141426?
4
What is the ten millions digit of 3536018915?
3
What is the tens digit of 149208739?
3
What is the hundred thousands digit of 350651541?
6
What is the tens digit of 56738465?
6
What is the hundred millions digit of 3522085707?
5
What is the thousands digit of 16622501?
2
What is the hundreds digit of 5570497535?
5
What is the millions digit of 588050245?
8
What is the ten thousands digit of 428096801?
9
What is the thousands digit of 4172558300?
8
What is the billions digit of 3120362925?
3
What is the thousands digit of 1618035930?
5
What is the hundreds digit of 438880590?
5
What is the hundreds digit of 399500145?
1
What is the hundreds digit of 11481082?
0
What is the hundred thousands digit of 3518130281?
1
What is the units digit of 7441732116?
6
What is the thousands digit of 153854567?
4
What is the ten millions digit of 432115545?
3
What is the hundreds digit of 555077229?
2
What is the tens digit of 13282101?
0
What is the ten thousands digit of 392871891?
7
What is the ten thousands digit of 908274237?
7
What is the hundreds digit of 26326327?
3
What is the millions digit of 34615491?
4
What is the hundred thousands digit of 117355823?
3
What is the millions digit of 217985529?
7
What is the units digit of 1250669531?
1
What is the millions digit of 297914987?
7
What is the thousands digit of 5073502368?
2
What is the ten millions digit of 34686016?
3
What is the hundreds digit of 661764059?
0
What is the units digit of 1496663071?
1
What is the ten millions digit of 33889559?